 3?
-2
What is 0 (base 13) in base 12?
0
-66 (base 11) to base 9
-80
What is 2 (base 14) in base 15?
2
0 (base 12) to base 5
0
What is -1100 (base 2) in base 14?
-c
6 (base 9) to base 6
10
66 (base 9) to base 7
114
What is -5 (base 9) in base 2?
-101
Convert 2312 (base 5) to base 13.
1c7
Convert 1021 (base 5) to base 6.
344
Convert -22 (base 3) to base 10.
-8
-3023 (base 4) to base 2
-11001011
Convert 3 (base 11) to base 8.
3
2 (base 5) to base 14
2
3 (base 5) to base 11
3
What is 303 (base 4) in base 16?
33
What is -17 (base 10) in base 12?
-15
-1 (base 14) to base 10
-1
What is -25 (base 15) in base 9?
-38
What is -16 (base 9) in base 4?
-33
12 (base 15) to base 13
14
Convert 4 (base 5) to base 15.
4
-4 (base 16) to base 11
-4
-1110 (base 2) to base 11
-13
What is -3 (base 5) in base 7?
-3
Convert 11 (base 15) to base 12.
14
-1033 (base 5) to base 12
-bb
-16 (base 10) to base 2
-10000
Convert 137 (base 16) to base 14.
183
-20 (base 4) to base 14
-8
What is -1 (base 4) in base 7?
-1
What is -11 (base 11) in base 9?
-13
What is 513 (base 6) in base 13?
117
Convert 6 (base 10) to base 4.
12
Convert -16 (base 11) to base 12.
-15
-7 (base 13) to base 15
-7
What is 5 (base 8) in base 16?
5
What is -7 (base 15) in base 8?
-7
105 (base 8) to base 2
1000101
-33 (base 9) to base 2
-11110
What is -103 (base 4) in base 9?
-21
1101 (base 2) to base 13
10
41 (base 5) to base 14
17
13 (base 5) to base 3
22
-101 (base 3) to base 11
-a
What is -19 (base 12) in base 13?
-18
Convert -3c (base 14) to base 7.
-105
Convert -b (base 15) to base 12.
-b
-6 (base 12) to base 16
-6
-151 (base 8) to base 13
-81
What is 1110101 (base 2) in base 9?
140
3a (base 15) to base 14
3d
Convert -50 (base 10) to base 5.
-200
Convert -27 (base 13) to base 9.
-36
-1 (base 14) to base 3
-1
10 (base 2) to base 15
2
Convert -231 (base 5) to base 3.
-2110
Convert 81 (base 16) to base 12.
a9
1 (base 3) to base 13
1
10 (base 4) to base 10
4
Convert 190 (base 14) to base 5.
2242
Convert 2 (base 4) to base 9.
2
What is 30 (base 9) in base 2?
11011
Convert -247 (base 10) to base 4.
-3313
Convert 3 (base 7) to base 9.
3
Convert -7 (base 16) to base 15.
-7
What is 20 (base 14) in base 15?
1d
What is -1d6 (base 14) in base 10?
-384
-74 (base 9) to base 12
-57
Convert -4 (base 11) to base 7.
-4
Convert 2b (base 15) to base 2.
101001
What is -32 (base 5) in base 13?
-14
38 (base 16) to base 12
48
What is -1110 (base 2) in base 10?
-14
3 (base 6) to base 5
3
What is -36 (base 7) in base 9?
-30
What is -30 (base 7) in base 5?
-41
9 (base 14) to base 12
9
Convert -13 (base 7) to base 15.
-a
What is 1 (base 6) in base 7?
1
What is 3233 (base 4) in base 12?
17b
Convert -9 (base 16) to base 5.
-14
Convert -4 (base 15) to base 4.
-10
What is -2212 (base 3) in base 16?
-4d
What is 11 (base 7) in base 2?
1000
Convert -3 (base 15) to base 7.
-3
What is 3 (base 9) in base 7?
3
Convert 44 (base 6) to base 13.
22
What is -1 (base 14) in base 16?
-1
Convert 4 (base 16) to base 2.
100
6 (base 9) to base 15
6
Convert 6 (base 13) to base 15.
6
Convert 4 (base 10) to base 7.
4
What is -127 (base 13) in base 14?
-106
3 (base 14) to base 4
3
-2 (base 16) to base 4
-2
-33 (base 15) to base 11
-44
What is 1002 (base 3) in base 4?
131
Convert -30 (base 11) to base 2.
-100001
0 (base 2) to base 14
0
Convert 97 (base 12) to base 9.
137
Convert -5 (base 8) to base 16.
-5
What is 8 (base 15) in base 10?
8
-2 (base 3) to base 2
-10
What is -10001 (base 2) in base 6?
-25
Convert -2c (base 13) to base 2.
-100110
Convert 302 (base 6) to base 9.
132
What is 10 (base 2) in base 7?
2
Convert 73 (base 13) to base 16.
5e
1 (base 12) to base 14
1
Convert 5 (base 15) to base 10.
5
What is -73 (base 14) in base 9?
-122
15 (base 8) to base 9
14
What is 0 (base 14) in base 7?
0
5 (base 7) to base 8
5
11 (base 13) to base 16
e
-5 (base 15) to base 13
-5
What is -2 (base 4) in base 6?
-2
Convert -1 (base 12) to base 9.
-1
Convert -2 (base 14) to base 13.
-2
0 (base 4) to base 11
0
Convert 6 (base 8) to base 2.
110
What is 2 (base 16) in base 6?
2
Convert 1 (base 14) to base 4.
1
8a (base 12) to base 6
254
-69 (base 10) to base 13
-54
32 (base 4) to base 10
14
What is 45 (base 14) in base 10?
61
1 (base 16) to base 6
1
12 (base 12) to base 3
112
-10111 (base 2) to base 10
-23
Convert 7 (base 8) to base 5.
12
Convert -3 (base 11) to base 3.
-10
-5 (base 16) to base 12
-5
What is e7 (base 16) in base 11?
1a0
10010 (base 2) to base 7
24
Convert -4 (base 9) to base 8.
-4
What is -20 (base 4) in base 11?
-8
What is -33 (base 5) in base 3?
-200
Convert 9 (base 11) to base 9.
10
What is 56 (base 11) in base 3?
2021
-2d (base 16) to base 3
-1200
What is 5 (base 12) in base 13?
5
-14 (base 8) to base 4
-30
Convert -1011001 (base 2) to base 11.
-81
Convert -131 (base 9) to base 12.
-91
What is 1a (base 15) in base 13?
1c
Convert -52 (base 8) to base 4.
-222
What is 0 (base 3) in base 6?
0
What is -10 (base 9) in base 8?
-11
12 (base 8) to base 9
11
Convert 20 (base 4) to base 12.
8
0 (base 4) to base 15
0
What is -10100 (base 2) in base 11?
-19
What is 2 (base 16) in base 5?
2
What is -5 (base 13) in base 9?
-5
25 (base 7) to base 15
14
Convert 5a (base 13) to base 10.
75
What is -163 (base 8) in base 13?
-8b
Convert 2 (base 10) to base 8.
2
340 (base 6) to base 13
a2
34 (base 16) to base 15
37
-320 (base 8) to base 12
-154
-44 (base 5) to base 16
-18
0 (base 9) to base 2
0
What is 5 (base 15) in base 6?
5
Convert d (base 14) to base 2.
1101
What is 8 (base 9) in base 7?
11
Convert 0 (base 2) to base 16.
0
What is -2 (base 8) in base 2?
-10
Convert -4 (base 13) to base 5.
-4
What is 37 (base 16) in base 14?
3d
Convert 44 (base 13) to base 8.
70
32 (base 9) to base 15
1e
What is 23 (base 5) in base 2?
1101
6 (base 16) to base 9
6
-1 (base 10) to base 12
-1
Convert 75 (base 8) to base 10.
61
64 (base 10) to base 12
54
Convert -11120 (base 3) to base 11.
-102
What is 4 (base 8) in base 9?
4
142 (base 6) to base 7
116
-231 (base 6) to base 12
-77
143 (base 14) to base 9
313
30 (base 4) to base 12
10
Convert 1 (base 13) to base 12.
1
Convert -6 (base 15) to base 5.
-11
What is -26 (base 7) in base 16?
-14
-10 (base 8) to base 14
-8
Convert -140 (base 13) to base 10.
-221
-2200 (base 5) to base 11
-253
-164 (base 7) to base 3
-10112
1 (base 6) to base 7
1
24 (base 5) to base 12
12
What is c (base 15) in base 7?
15
What is 1010 (base 3) in base 2?
11110
1 (base 13) to base 4
1
Convert 10 (base 8) to base 12.
8
What is 28 (base 15) in base 13?
2c
0 (base 2) to base 4
0
What is -117 (base 16) in base 15?
-139
Convert 1101 (base 4) to base 5.
311
What is 20 (base 4) in base 2?
1000
-2 (base 11) to base 13
-2
What is d2 (base 16) in base 9?
253
What is -4 (base 9) in base 5?
-4
Convert 101 (base 2) to base 6.
5
What is -1 (base 8) in base 2?
-1
Convert 3 (base 13) to base 12.
3
What is 33 (base 9) in base 8?
36
Convert 0 (base 10) to base 2.
0
Convert -10 (base 16) to base 12.
-14
Convert 0 (base 4) to base 5.
0
Convert -4 (base 14) to base 10.
-4
-34 (base 10) to base 3
-1021
Convert -321 (base 4) to base 7.
-111
-5 (base 12) to base 4
-11
Convert -3 (base 15) to base 13.
-3
Convert -30 (base 4) to base 9.
-13
2 (base 15) to base 11
2
Convert -30 (base 5) to base 8.
-17
-2 (base 16) to base 6
-2
What is 20 (base 6) in base 16?
c
Convert 11010 (base 2) to base 8.
32
-11000 (base 2) to base 9
-26
312 (base 4) to base 14
3c
-1 (base 11) to base 10
-1
4 (base 9) to base 14
4
What is -9 (base 10) in base 12?
-9
1 (base 15) to base 6
1
Convert 25 (base 13) to base 9.
34
Convert -58 (base 16) to base 5.
-323
0 (base 13) to base 5
0
Convert -102 (base 6) to base 2.
-100110
-54 (base 9) to base 13
-3a
Convert 18 (base 10) to base 5.
33
What is 0 (base 3) in base 8?
0
What is -2 (base 8) in base 13?
-2
What is 9 (base 12) in base 4?
21
Convert -3 (base 9) to base 11.
-3
Convert 3 (base 16) to base 8.
3
1 (base 6) to base 16
1
-d (base 16) to base 5
-23
What is -3 (base 9) in base 8?
-3
Convert 42 (base 16) to base 13.
51
Convert 25 (base 10) to base 9.
27
-11 (base 5) to base 3
-20
What is -a9 (base 12) in base 13?
-9c
What is -3 (base 9) in base 10?
-3
What is -29 (base 13) in base 15?
-25
0 (base 3) to base 10
0
What is 80 (base 13) in base 5?
404
1 (base 16) t